{"id":661,"date":"2017-02-04T13:22:07","date_gmt":"2017-02-04T13:22:07","guid":{"rendered":"https:\/\/www.adriendelannoy.com\/?page_id=661"},"modified":"2017-02-04T13:22:07","modified_gmt":"2017-02-04T13:22:07","slug":"mentions-legales","status":"publish","type":"page","link":"https:\/\/www.adriendelannoy.com\/?page_id=661","title":{"rendered":"Mentions l\u00e9gales"},"content":{"rendered":"<div class=\"normal\">\n<h1 class=\"h1\">Mentions L\u00e9gales<\/h1>\n<div id=\"propriete-du-site-directeur-de-la-publication\" class=\"section\">\n<h2>Propri\u00e9t\u00e9 du site \/ Directeur de la publication<\/h2>\n<blockquote>\n<div class=\"line-block\">\n<div class=\"line\">Adrien Delannoy<\/div>\n<div class=\"line\">Paris<\/div>\n<div class=\"line\">SIRET 444 314 785 00015<\/div>\n<\/div>\n<\/blockquote>\n<\/div>\n<p>&nbsp;<\/p>\n<div id=\"hebergeur\" class=\"section\">\n<h2>H\u00e9bergeur<\/h2>\n<blockquote>\n<div class=\"line-block\">\n<div class=\"line\">OVH<\/div>\n<div class=\"line\">SAS au capital de 10.000.000 \u20ac<\/div>\n<div class=\"line\">RCS Lille M\u00e9tropole 424 761 419<\/div>\n<div class=\"line\">2 rue Kellermann &#8211; 59100 Roubaix &#8211; France<\/div>\n<div class=\"line\">T\u00e9l. : +33 820 698 765<\/div>\n<\/div>\n<\/blockquote>\n<\/div>\n<p>&nbsp;<\/p>\n<div id=\"propriete-intellectuelle\" class=\"section\">\n<h2>Propri\u00e9t\u00e9 intellectuelle<\/h2>\n<p>Le contenu du site, la structure g\u00e9n\u00e9rale ainsi que les logiciels, bases de donn\u00e9es, textes, images anim\u00e9es ou non, \u00e9l\u00e9ments graphiques de toute nature et tous les autres \u00e9l\u00e9ments composant le site sont la propri\u00e9t\u00e9 exclusive d\u2019Adrien Delannoy ou des tiers qui lui ont conc\u00e9d\u00e9 les droits n\u00e9cessaires.<\/p>\n<p>L\u2019utilisateur n\u2019est autoris\u00e9 qu\u2019\u00e0 repr\u00e9senter les pages du site sur son \u00e9cran et n\u2019a le droit de reproduire les \u00e9l\u00e9ments de propri\u00e9t\u00e9 intellectuelle du site, qu\u2019\u00e0 titre temporaire et aux seules fins de consultation du site.<\/p>\n<p>Toute repr\u00e9sentation totale ou partielle de ce site, par quelque personne que ce soit, sans l\u2019autorisation expresse de l\u2019\u00e9diteur du site est interdite et constituerait une contrefa\u00e7on sanctionn\u00e9e par les articles du Code de la propri\u00e9t\u00e9 intellectuelle.<\/p>\n<p>Les signes distinctifs figurant sur le site, tels que les noms de domaine, marques, d\u00e9nominations, ainsi que les logos sont prot\u00e9g\u00e9s par le Code de la propri\u00e9t\u00e9 intellectuelle.<\/p>\n<p>Toute reproduction totale ou partielle de ces signes distinctifs effectu\u00e9e \u00e0 partir des \u00e9l\u00e9ments du site sans l\u2019autorisation expresse d\u2019Adrien Delannoy est donc prohib\u00e9e, au sens du Code de la propri\u00e9t\u00e9 intellectuelle.<\/p>\n<\/div>\n<div id=\"politique-de-confidentialite\" class=\"section\">\n<h2>Politique de confidentialit\u00e9<\/h2>\n<p>L\u2019utilisateur est inform\u00e9, conform\u00e9ment \u00e0 l\u2019article 32 de la loi Informatique et libert\u00e9s du 6 janvier 1978 modifi\u00e9e, qu\u2019Adrien Delannoy en tant que responsable du traitement, met en \u0153uvre un traitement de donn\u00e9es \u00e0 caract\u00e8re personnel destin\u00e9 \u00e0 r\u00e9pondre aux demandes de renseignements de l\u2019utilisateur.<\/p>\n<p>Ces donn\u00e9es, destin\u00e9es \u00e0 l\u2019usage exclusif d\u2019Adrien Delannoy, ne seront en aucun cas c\u00e9d\u00e9es ou vendues \u00e0 des tiers.<\/p>\n<p>Les champs identifi\u00e9s par le terme \u00ab requis \u00bb sont obligatoires. En l\u2019absence de r\u00e9ponse ou si les informations fournies sont erron\u00e9es, Adrien Delannoy ne pourra pas traiter votre demande.<\/p>\n<p>L\u2019utilisateur est inform\u00e9 qu\u2019il dispose d\u2019un droit d\u2019acc\u00e8s, d\u2019interrogation et de rectification des donn\u00e9es personnelles le concernant.<\/p>\n<p>L\u2019utilisateur dispose \u00e9galement d\u2019un droit d\u2019opposition au traitement de ses donn\u00e9es pour des motifs l\u00e9gitimes.<\/p>\n<p>L\u2019ensemble de ces droits s\u2019exerce via le formulaire de contact.<\/p>\n<\/div>\n<div id=\"liens-hypertextes\" class=\"section\">\n<h2>Liens hypertextes<\/h2>\n<p>Le pr\u00e9sent site peut avoir \u00e9t\u00e9 reli\u00e9 \u00e0 d&rsquo;autres sites par le biais de liens hypertextes. Adrien Delannoy d\u00e9cline toute responsabilit\u00e9 quant \u00e0 leur contenu. L\u2019utilisateur est seul responsable de leur utilisation.<\/p>\n<\/div>\n<div id=\"loi-applicable-juridiction-competente\" class=\"section\">\n<h2>Loi applicable \u2013 juridiction comp\u00e9tente<\/h2>\n<p>La loi fran\u00e7aise est applicable tant pour les r\u00e8gles de forme que de fond.<\/p>\n<p>Tout litige d\u00e9coulant directement ou indirectement de l\u2019utilisation du site rel\u00e8vera de la comp\u00e9tence des juridictions fran\u00e7aises comp\u00e9tentes de Paris.<\/p>\n<\/div>\n<\/div>\n","protected":false},"excerpt":{"rendered":"<p>Mentions L\u00e9gales Propri\u00e9t\u00e9 du site \/ Directeur de la publication Adrien Delannoy Paris SIRET 444 314 785 00015 &nbsp; H\u00e9bergeur OVH SAS au capital de 10.000.000 \u20ac RCS Lille M\u00e9tropole 424 761 419 2 rue Kellermann &#8211; 59100 Roubaix &#8211; France T\u00e9l. : +33 820 698 765 &nbsp; Propri\u00e9t\u00e9 intellectuelle Le contenu du site, la&hellip;<\/p>\n","protected":false},"author":1,"featured_media":0,"parent":0,"menu_order":0,"comment_status":"closed","ping_status":"closed","template":"","meta":{"ngg_post_thumbnail":0,"footnotes":""},"class_list":["post-661","page","type-page","status-publish","hentry","empty-entry-meta"],"_links":{"self":[{"href":"https:\/\/www.adriendelannoy.com\/index.php?rest_route=\/wp\/v2\/pages\/661","targetHints":{"allow":["GET"]}}],"collection":[{"href":"https:\/\/www.adriendelannoy.com\/index.php?rest_route=\/wp\/v2\/pages"}],"about":[{"href":"https:\/\/www.adriendelannoy.com\/index.php?rest_route=\/wp\/v2\/types\/page"}],"author":[{"embeddable":true,"href":"https:\/\/www.adriendelannoy.com\/index.php?rest_route=\/wp\/v2\/users\/1"}],"replies":[{"embeddable":true,"href":"https:\/\/www.adriendelannoy.com\/index.php?rest_route=%2Fwp%2Fv2%2Fcomments&post=661"}],"version-history":[{"count":1,"href":"https:\/\/www.adriendelannoy.com\/index.php?rest_route=\/wp\/v2\/pages\/661\/revisions"}],"predecessor-version":[{"id":662,"href":"https:\/\/www.adriendelannoy.com\/index.php?rest_route=\/wp\/v2\/pages\/661\/revisions\/662"}],"wp:attachment":[{"href":"https:\/\/www.adriendelannoy.com\/index.php?rest_route=%2Fwp%2Fv2%2Fmedia&parent=661"}],"curies":[{"name":"wp","href":"https:\/\/api.w.org\/{rel}","templated":true}]}}

Mentions légales

<div class="normal">
<h1 class="h1">Mentions Légales</h1>
<div id="propriete-du-site-directeur-de-la-publication" class="section">
<h2>Propriété du site / Directeur de la publication</h2>
<blockquote>
<div class="line-block">
<div class="line">Adrien Delannoy</div>
<div class="line">Paris</div>
<div class="line">SIRET 444 314 785 00015</div>
</div>
</blockquote>
</div>
<p>&nbsp;</p>
<div id="hebergeur" class="section">
<h2>Hébergeur</h2>
<blockquote>
<div class="line-block">
<div class="line">OVH</div>
<div class="line">SAS au capital de 10.000.000 €</div>
<div class="line">RCS Lille Métropole 424 761 419</div>
<div class="line">2 rue Kellermann &#8211; 59100 Roubaix &#8211; France</div>
<div class="line">Tél. : +33 820 698 765</div>
</div>
</blockquote>
</div>
<p>&nbsp;</p>
<div id="propriete-intellectuelle" class="section">
<h2>Propriété intellectuelle</h2>
<p>Le contenu du site, la structure générale ainsi que les logiciels, bases de données, textes, images animées ou non, éléments graphiques de toute nature et tous les autres éléments composant le site sont la propriété exclusive d’Adrien Delannoy ou des tiers qui lui ont concédé les droits nécessaires.</p>
<p>L’utilisateur n’est autorisé qu’à représenter les pages du site sur son écran et n’a le droit de reproduire les éléments de propriété intellectuelle du site, qu’à titre temporaire et aux seules fins de consultation du site.</p>
<p>Toute représentation totale ou partielle de ce site, par quelque personne que ce soit, sans l’autorisation expresse de l’éditeur du site est interdite et constituerait une contrefaçon sanctionnée par les articles du Code de la propriété intellectuelle.</p>
<p>Les signes distinctifs figurant sur le site, tels que les noms de domaine, marques, dénominations, ainsi que les logos sont protégés par le Code de la propriété intellectuelle.</p>
<p>Toute reproduction totale ou partielle de ces signes distinctifs effectuée à partir des éléments du site sans l’autorisation expresse d’Adrien Delannoy est donc prohibée, au sens du Code de la propriété intellectuelle.</p>
</div>
<div id="politique-de-confidentialite" class="section">
<h2>Politique de confidentialité</h2>
<p>L’utilisateur est informé, conformément à l’article 32 de la loi Informatique et libertés du 6 janvier 1978 modifiée, qu’Adrien Delannoy en tant que responsable du traitement, met en œuvre un traitement de données à caractère personnel destiné à répondre aux demandes de renseignements de l’utilisateur.</p>
<p>Ces données, destinées à l’usage exclusif d’Adrien Delannoy, ne seront en aucun cas cédées ou vendues à des tiers.</p>
<p>Les champs identifiés par le terme « requis » sont obligatoires. En l’absence de réponse ou si les informations fournies sont erronées, Adrien Delannoy ne pourra pas traiter votre demande.</p>
<p>L’utilisateur est informé qu’il dispose d’un droit d’accès, d’interrogation et de rectification des données personnelles le concernant.</p>
<p>L’utilisateur dispose également d’un droit d’opposition au traitement de ses données pour des motifs légitimes.</p>
<p>L’ensemble de ces droits s’exerce via le formulaire de contact.</p>
</div>
<div id="liens-hypertextes" class="section">
<h2>Liens hypertextes</h2>
<p>Le présent site peut avoir été relié à d&rsquo;autres sites par le biais de liens hypertextes. Adrien Delannoy décline toute responsabilité quant à leur contenu. L’utilisateur est seul responsable de leur utilisation.</p>
</div>
<div id="loi-applicable-juridiction-competente" class="section">
<h2>Loi applicable – juridiction compétente</h2>
<p>La loi française est applicable tant pour les règles de forme que de fond.</p>
<p>Tout litige découlant directement ou indirectement de l’utilisation du site relèvera de la compétence des juridictions françaises compétentes de Paris.</p>
</div>
</div>

<p>Mentions Légales Propriété du site / Directeur de la publication Adrien Delannoy Paris SIRET 444 314 785 00015 &nbsp; Hébergeur OVH SAS au capital de 10.000.000 € RCS Lille Métropole 424 761 419 2 rue Kellermann &#8211; 59100 Roubaix &#8211; France Tél. : +33 820 698 765 &nbsp; Propriété intellectuelle Le contenu du site, la&hellip;</p>
